{"id":4851,"date":"2020-12-18T15:45:55","date_gmt":"2020-12-18T14:45:55","guid":{"rendered":"http:\/\/bybanim-events.com\/?page_id=4851"},"modified":"2021-01-19T11:48:03","modified_gmt":"2021-01-19T10:48:03","slug":"welcome-show","status":"publish","type":"page","link":"https:\/\/bybanim-events.com\/index.php\/welcome-show\/","title":{"rendered":"WelcomeShow"},"content":{"rendered":"<p>[vc_row][vc_column]<div class=\"tm-element-heading-wrapper tm-heading-inner tm-element-align-left tm-seperator-none tm-heading-style-vertical tm-overlay-subheading\"><section class=\"tm-vc_cta3-container\"><div class=\"tm-vc_general tm-vc_cta3 tm-cta3-only tm-vc_cta3-style-classic tm-vc_cta3-shape-rounded tm-vc_cta3-align-left tm-vc_cta3-color-transparent tm-vc_cta3-icon-size-md tm-vc_cta3-actions-no tm-cta3-with-desc\"><div class=\"tm-vc_cta3_content-container\"><div class=\"tm-vc_cta3-content\"><header class=\"tm-vc_cta3-content-header tm-wrap\"><div class=\"tm-vc_cta3-headers tm-wrap-cell\"><h4 class=\"tm-custom-heading \" >Spectacles<\/h4>\n<h2 class=\"tm-custom-heading \" >WelcomeShow<\/h2>\n<\/div><div class=\"heading-seperator\"><span><\/span><\/div><\/header><div class=\"tm-cta3-content-wrapper\"><p>Le Welcome Show est une soir\u00e9e d\u2019accueil pour les vacanciers. Cette soir\u00e9e festive et chaleureuse permet d\u2019\u00e9tablir un premier contact entre l\u2019\u00e9quipe d\u2019animation et les vacanciers.<\/p>\n<p>Un Welcome Show peut prendre diff\u00e9rentes formes\u00a0: cabaret, caf\u00e9-th\u00e9\u00e2tre, soir\u00e9e Just Dance, soir\u00e9e dansante, \u2026 Le but est de lier les comp\u00e9tences des uns et des autres pour cr\u00e9er une soir\u00e9e unique avec vos animateurs qui en seront au centre.<\/p>\n<p><em>Bybanim Events propose la possibilit\u00e9 d\u2019inclure des artistes professionnels en renfort sur vos <strong>Welcome Show<\/strong> (uniquement sur le territoire Ard\u00e9chois m\u00e9ridionale)<\/em><\/p>\n<p><a href=\"http:\/\/bybanim-events.com\/index.php\/bybartist-talents\/\"><strong>Retrouvez nos Show Pro sur BybArtist<\/strong><\/a><\/p><\/div><\/div><\/div><\/div><\/section><\/div> <!-- .tm-element-heading-wrapper container --> [vc_media_grid grid_id=&#8221;vc_gid:1611053166790-bd120930-23ef-2&#8243; include=&#8221;4972,4971,4970,4969,4968,4964&#8243;][\/vc_column][\/vc_row]<\/p>\n","protected":false},"excerpt":{"rendered":"<p>[vc_row][vc_column][vc_media_grid grid_id=&#8221;vc_gid:1611053166790-bd120930-23ef-2&#8243; include=&#8221;4972,4971,4970,4969,4968,4964&#8243;][\/vc_column][\/vc_row]<\/p>\n","protected":false},"author":1,"featured_media":0,"parent":0,"menu_order":0,"comment_status":"closed","ping_status":"closed","template":"","meta":[],"_links":{"self":[{"href":"https:\/\/bybanim-events.com\/index.php\/wp-json\/wp\/v2\/pages\/4851"}],"collection":[{"href":"https:\/\/bybanim-events.com\/index.php\/wp-json\/wp\/v2\/pages"}],"about":[{"href":"https:\/\/bybanim-events.com\/index.php\/wp-json\/wp\/v2\/types\/page"}],"author":[{"embeddable":true,"href":"https:\/\/bybanim-events.com\/index.php\/wp-json\/wp\/v2\/users\/1"}],"replies":[{"embeddable":true,"href":"https:\/\/bybanim-events.com\/index.php\/wp-json\/wp\/v2\/comments?post=4851"}],"version-history":[{"count":5,"href":"https:\/\/bybanim-events.com\/index.php\/wp-json\/wp\/v2\/pages\/4851\/revisions"}],"predecessor-version":[{"id":5243,"href":"https:\/\/bybanim-events.com\/index.php\/wp-json\/wp\/v2\/pages\/4851\/revisions\/5243"}],"wp:attachment":[{"href":"https:\/\/bybanim-events.com\/index.php\/wp-json\/wp\/v2\/media?parent=4851"}],"curies":[{"name":"wp","href":"https:\/\/api.w.org\/{rel}","templated":true}]}}