{"id":4805,"date":"2020-12-18T15:09:56","date_gmt":"2020-12-18T14:09:56","guid":{"rendered":"http:\/\/bybanim-events.com\/?page_id=4805"},"modified":"2021-01-27T03:45:54","modified_gmt":"2021-01-27T02:45:54","slug":"kid-show","status":"publish","type":"page","link":"https:\/\/bybanim-events.com\/index.php\/kid-show\/","title":{"rendered":"KidShow"},"content":{"rendered":"<p>[vc_row][vc_column]<div class=\"tm-element-heading-wrapper tm-heading-inner tm-element-align-left tm-seperator-none tm-heading-style-vertical tm-overlay-subheading\"><section class=\"tm-vc_cta3-container\"><div class=\"tm-vc_general tm-vc_cta3 tm-cta3-only tm-vc_cta3-style-classic tm-vc_cta3-shape-rounded tm-vc_cta3-align-left tm-vc_cta3-color-transparent tm-vc_cta3-icon-size-md tm-vc_cta3-actions-no tm-cta3-with-desc\"><div class=\"tm-vc_cta3_content-container\"><div class=\"tm-vc_cta3-content\"><header class=\"tm-vc_cta3-content-header tm-wrap\"><div class=\"tm-vc_cta3-headers tm-wrap-cell\"><h4 class=\"tm-custom-heading \" >SPECTACLES<\/h4>\n<h2 class=\"tm-custom-heading \" >KidShow<\/h2>\n<\/div><div class=\"heading-seperator\"><span><\/span><\/div><\/header><div class=\"tm-cta3-content-wrapper\"><p>Les <strong>Kid Show<\/strong> de Bybanim Events sont inspir\u00e9s d\u2019histoires universelles. Dans une volont\u00e9 de toucher un large public par la magie des contes et cela pour le bonheur des petits et des grands. Nous vous proposons de nombreux voyages dignes d\u2019un R\u00eave bleu. Venez vibrer dans le Cercle de la vie, ou danser avec Nany Poppins. Venez d\u00e9couvrir une cit\u00e9 cach\u00e9e sous l\u2019oc\u00e9an, ou faites un stop dans un royaume de glace.<\/p>\n<p>Les Kid Show sont fournis avec les costumes, le livret, la bande son et la formation pour votre \u00e9quipe.<\/p>\n<p>Vous pouvez s\u00e9lectionner une version avec enfants\/adolescents sur sc\u00e8ne ou une version interactive. \u2013 <em>cr\u00e9ation de d\u00e9cor en suppl\u00e9ment.<\/em><\/p><\/div><\/div><\/div><\/div><\/section><\/div> <!-- .tm-element-heading-wrapper container --> [\/vc_column][\/vc_row][vc_row][vc_column]<div class=\"tm-sbox tm-sbox-iconalign-left-spacing none tm-sbox-bgcolor-transparent tm-bgcolor-transparent tm-sbox-textcolor- tm-textcolor- tm-sbox-isize-md tm-sbox-isize-md tm-sbox-istyle-none  tm-sbox-heading-only\"><section class=\"tm-vc_cta3-container\"><div class=\"tm-vc_general tm-vc_cta3 tm-vc_cta3-align-left tm-vc_cta3-icon-size-md tm-vc_cta3-icons-left tm-vc_cta3-actions-no\"><div class=\"tm-vc_cta3-icons tm-wrap-cell\"><div class=\"tm-vc_icon_element tm-vc_icon_element-outer tm-vc_icon_element-align-left \"><div class=\"tm-vc_icon_element-inner  tm-vc_icon_element-color-skincolor tm-vc_icon_element-size-md tm-vc_icon_element-style-none tm-vc_icon_element-background-color-grey\" ><span class=\"tm-vc_icon_element-icon fa fa-chevron-right\" ><\/span><\/div><\/div><\/div><div class=\"tm-vc_cta3_content-container\"><div class=\"tm-vc_cta3-content\"><div class=\"tm-vc_cta3-content-header tm-wrap\"><div class=\"tm-vc_cta3-headers tm-wrap-cell\"><h2 class=\"tm-custom-heading \" >\u00ab LE MIROIR DE MAL\u00c9FIQUE \u00bb<\/h2>\n<\/div><\/div><\/div><div class=\"tm-cta3-desc-btn-wrapper\"><div class=\"tm-cta3-description\"><div class=\"tm-cta3-content-wrapper\"><p>La Reine Mal\u00e9fique a jet\u00e9 un sort sur le Pays des Contes. Elle a s\u00e9par\u00e9 les couples de princes et princesses. Son miroir magique comprend que ce sort ne l\u2019a pas rendu plus heureuse. Les deux personnages se lancent alors \u00e0 la recherche des princesses et leur prince respectif. Le public les aide \u00e0 reformer ces couples iconiques.<\/p><\/div><\/div><\/div><\/div><\/div><\/section><\/div>[vc_video link=&#8221;https:\/\/youtu.be\/5rAQ7Qc3gmY&#8221;][vc_media_grid grid_id=&#8221;vc_gid:1611714653967-9b66d0a7-40c5-10&#8243; include=&#8221;5036,5037,5038,5039,5040,5041&#8243;][\/vc_column][\/vc_row][vc_row][vc_column]<div class=\"tm-sbox tm-sbox-iconalign-left-spacing none tm-sbox-bgcolor-transparent tm-bgcolor-transparent tm-sbox-textcolor- tm-textcolor- tm-sbox-isize-md tm-sbox-isize-md tm-sbox-istyle-none  tm-sbox-heading-only\"><section class=\"tm-vc_cta3-container\"><div class=\"tm-vc_general tm-vc_cta3 tm-vc_cta3-align-left tm-vc_cta3-icon-size-md tm-vc_cta3-icons-left tm-vc_cta3-actions-no\"><div class=\"tm-vc_cta3-icons tm-wrap-cell\"><div class=\"tm-vc_icon_element tm-vc_icon_element-outer tm-vc_icon_element-align-left \"><div class=\"tm-vc_icon_element-inner  tm-vc_icon_element-color-skincolor tm-vc_icon_element-size-md tm-vc_icon_element-style-none tm-vc_icon_element-background-color-grey\" ><span class=\"tm-vc_icon_element-icon fa fa-chevron-right\" ><\/span><\/div><\/div><\/div><div class=\"tm-vc_cta3_content-container\"><div class=\"tm-vc_cta3-content\"><div class=\"tm-vc_cta3-content-header tm-wrap\"><div class=\"tm-vc_cta3-headers tm-wrap-cell\"><h2 class=\"tm-custom-heading \" >\u00ab BELLE \u00bb<\/h2>\n<\/div><\/div><\/div><div class=\"tm-cta3-desc-btn-wrapper\"><div class=\"tm-cta3-description\"><div class=\"tm-cta3-content-wrapper\"><p>Une jeune femme passionn\u00e9e de romans d\u2019aventures, ne sait pas qu\u2019elle va vivre la plus folle d\u2019entre elle. Son c\u0153ur pur va la guider vers la plus puissante des magies. Au-del\u00e0 des apparences c\u2019est avec un amour sinc\u00e8re qu\u2019elle pourra sauver le prince ensorcel\u00e9 sous une peau de B\u00eate.<\/p><\/div><\/div><\/div><\/div><\/div><\/section><\/div>[vc_video link=&#8221;https:\/\/youtu.be\/DkSuEaQmuEw&#8221;][vc_media_grid grid_id=&#8221;vc_gid:1611714653980-e9b6876c-e248-6&#8243; include=&#8221;5042,5043,5044,5045,5046,5047&#8243;][\/vc_column][\/vc_row][vc_row][vc_column]<div class=\"tm-sbox tm-sbox-iconalign-left-spacing none tm-sbox-bgcolor-transparent tm-bgcolor-transparent tm-sbox-textcolor- tm-textcolor- tm-sbox-isize-md tm-sbox-isize-md tm-sbox-istyle-none  tm-sbox-heading-only\"><section class=\"tm-vc_cta3-container\"><div class=\"tm-vc_general tm-vc_cta3 tm-vc_cta3-align-left tm-vc_cta3-icon-size-md tm-vc_cta3-icons-left tm-vc_cta3-actions-no\"><div class=\"tm-vc_cta3-icons tm-wrap-cell\"><div class=\"tm-vc_icon_element tm-vc_icon_element-outer tm-vc_icon_element-align-left \"><div class=\"tm-vc_icon_element-inner  tm-vc_icon_element-color-skincolor tm-vc_icon_element-size-md tm-vc_icon_element-style-none tm-vc_icon_element-background-color-grey\" ><span class=\"tm-vc_icon_element-icon fa fa-chevron-right\" ><\/span><\/div><\/div><\/div><div class=\"tm-vc_cta3_content-container\"><div class=\"tm-vc_cta3-content\"><div class=\"tm-vc_cta3-content-header tm-wrap\"><div class=\"tm-vc_cta3-headers tm-wrap-cell\"><h2 class=\"tm-custom-heading \" >\u00ab LES PRINCESSES DU FJORD \u00bb<\/h2>\n<\/div><\/div><\/div><div class=\"tm-cta3-desc-btn-wrapper\"><div class=\"tm-cta3-description\"><div class=\"tm-cta3-content-wrapper\"><p>Deux s\u0153urs, deux princesses, deux destins diff\u00e9rents et pourtant li\u00e9s. Une aventure dans un pays lointain, le royaume des glaces. Une histoire de famille et d\u2019entraide, une belle le\u00e7on de vie qui nous apprend qu\u2019ensemble nous sommes plus fort. Venez d\u00e9couvrir des personnages attachants et intr\u00e9pides.<\/p><\/div><\/div><\/div><\/div><\/div><\/section><\/div>[vc_video link=&#8221;https:\/\/youtu.be\/oR6dgXbHQ00&#8243;][vc_media_grid grid_id=&#8221;vc_gid:1611714653993-3871d2e2-2d3e-3&#8243; include=&#8221;5048,5049,5050,5051,5052&#8243;][\/vc_column][\/vc_row][vc_row][vc_column]<div class=\"tm-sbox tm-sbox-iconalign-left-spacing none tm-sbox-bgcolor-transparent tm-bgcolor-transparent tm-sbox-textcolor- tm-textcolor- tm-sbox-isize-md tm-sbox-isize-md tm-sbox-istyle-none  tm-sbox-heading-only\"><section class=\"tm-vc_cta3-container\"><div class=\"tm-vc_general tm-vc_cta3 tm-vc_cta3-align-left tm-vc_cta3-icon-size-md tm-vc_cta3-icons-left tm-vc_cta3-actions-no\"><div class=\"tm-vc_cta3-icons tm-wrap-cell\"><div class=\"tm-vc_icon_element tm-vc_icon_element-outer tm-vc_icon_element-align-left \"><div class=\"tm-vc_icon_element-inner  tm-vc_icon_element-color-skincolor tm-vc_icon_element-size-md tm-vc_icon_element-style-none tm-vc_icon_element-background-color-grey\" ><span class=\"tm-vc_icon_element-icon fa fa-chevron-right\" ><\/span><\/div><\/div><\/div><div class=\"tm-vc_cta3_content-container\"><div class=\"tm-vc_cta3-content\"><div class=\"tm-vc_cta3-content-header tm-wrap\"><div class=\"tm-vc_cta3-headers tm-wrap-cell\"><h2 class=\"tm-custom-heading \" >\u00ab UN PRINCE ALI \u00bb<\/h2>\n<\/div><\/div><\/div><div class=\"tm-cta3-desc-btn-wrapper\"><div class=\"tm-cta3-description\"><div class=\"tm-cta3-content-wrapper\"><p>Un jeune voleur du pays d\u2019Agrabah ne sait pas encore qu\u2019il va devenir un h\u00e9ros et sauver sa cit\u00e9. Sa rencontre avec un mage noir et un g\u00e9ni vont le conduire vers une aventure h\u00e9ro\u00efque et pleine de richesses. Une histoire d\u2019amour et d\u2019amiti\u00e9 pour une vie pleines de surprises et d\u2019aventures.<\/p><\/div><\/div><\/div><\/div><\/div><\/section><\/div>[vc_video link=&#8221;https:\/\/youtu.be\/WfizEiRagLY&#8221;][vc_media_grid grid_id=&#8221;vc_gid:1611714654000-0448db5f-29fc-10&#8243; include=&#8221;5053,5054,5055,5056,5057&#8243;][\/vc_column][\/vc_row][vc_row][vc_column]<div class=\"tm-sbox tm-sbox-iconalign-left-spacing none tm-sbox-bgcolor-transparent tm-bgcolor-transparent tm-sbox-textcolor- tm-textcolor- tm-sbox-isize-md tm-sbox-isize-md tm-sbox-istyle-none  tm-sbox-heading-only\"><section class=\"tm-vc_cta3-container\"><div class=\"tm-vc_general tm-vc_cta3 tm-vc_cta3-align-left tm-vc_cta3-icon-size-md tm-vc_cta3-icons-left tm-vc_cta3-actions-no\"><div class=\"tm-vc_cta3-icons tm-wrap-cell\"><div class=\"tm-vc_icon_element tm-vc_icon_element-outer tm-vc_icon_element-align-left \"><div class=\"tm-vc_icon_element-inner  tm-vc_icon_element-color-skincolor tm-vc_icon_element-size-md tm-vc_icon_element-style-none tm-vc_icon_element-background-color-grey\" ><span class=\"tm-vc_icon_element-icon fa fa-chevron-right\" ><\/span><\/div><\/div><\/div><div class=\"tm-vc_cta3_content-container\"><div class=\"tm-vc_cta3-content\"><div class=\"tm-vc_cta3-content-header tm-wrap\"><div class=\"tm-vc_cta3-headers tm-wrap-cell\"><h2 class=\"tm-custom-heading \" >\u00ab NANY POPPINS \u00bb<\/h2>\n<\/div><\/div><\/div><div class=\"tm-cta3-desc-btn-wrapper\"><div class=\"tm-cta3-description\"><div class=\"tm-cta3-content-wrapper\"><p>Inspir\u00e9 du grand classique \u00ab\u00a0Mary Poppins\u00a0\u00bb, Bybanim Events vous emm\u00e8ne \u00e0 la rencontre de la meilleure nourrice de tous les temps.<\/p>\n<p>Un spectacle vraiment supercalifragilisticexpialidocious.<\/p><\/div><\/div><\/div><\/div><\/div><\/section><\/div>[vc_video link=&#8221;https:\/\/youtu.be\/idE2wDC_020&#8243;][vc_media_grid grid_id=&#8221;vc_gid:1611714654005-38831747-3c31-1&#8243; include=&#8221;5058,5059,5060,5061,5062&#8243;][\/vc_column][\/vc_row][vc_row][vc_column]<div class=\"tm-sbox tm-sbox-iconalign-left-spacing none tm-sbox-bgcolor-transparent tm-bgcolor-transparent tm-sbox-textcolor- tm-textcolor- tm-sbox-isize-md tm-sbox-isize-md tm-sbox-istyle-none  tm-sbox-heading-only\"><section class=\"tm-vc_cta3-container\"><div class=\"tm-vc_general tm-vc_cta3 tm-vc_cta3-align-left tm-vc_cta3-icon-size-md tm-vc_cta3-icons-left tm-vc_cta3-actions-no\"><div class=\"tm-vc_cta3-icons tm-wrap-cell\"><div class=\"tm-vc_icon_element tm-vc_icon_element-outer tm-vc_icon_element-align-left \"><div class=\"tm-vc_icon_element-inner  tm-vc_icon_element-color-skincolor tm-vc_icon_element-size-md tm-vc_icon_element-style-none tm-vc_icon_element-background-color-grey\" ><span class=\"tm-vc_icon_element-icon fa fa-chevron-right\" ><\/span><\/div><\/div><\/div><div class=\"tm-vc_cta3_content-container\"><div class=\"tm-vc_cta3-content\"><div class=\"tm-vc_cta3-content-header tm-wrap\"><div class=\"tm-vc_cta3-headers tm-wrap-cell\"><h2 class=\"tm-custom-heading \" >\u00ab SIMBA \u00bb<\/h2>\n<\/div><\/div><\/div><div class=\"tm-cta3-desc-btn-wrapper\"><div class=\"tm-cta3-description\"><div class=\"tm-cta3-content-wrapper\"><p>Un jeune lionceau fuit son territoire apr\u00e8s le d\u00e9c\u00e8s de son p\u00e8re, le roi de la savane. Sa rencontre avec deux personnages compl\u00e8tement d\u00e9cal\u00e9s va le conduire tout droit vers sa plus grande aventure, sa destin\u00e9e de Roi. Un combat final qui l\u2019opposera \u00e0 son oncle et aux hy\u00e8nes.<\/p><\/div><\/div><\/div><\/div><\/div><\/section><\/div>[vc_video link=&#8221;https:\/\/youtu.be\/vhjpuZEdSN0&#8243;][vc_media_grid grid_id=&#8221;vc_gid:1611714654050-9b87bf5c-ba9b-2&#8243; include=&#8221;5063,5064,5065,5066,5067,5068&#8243;][\/vc_column][\/vc_row]<\/p>\n","protected":false},"excerpt":{"rendered":"<p>[vc_row][vc_column][\/vc_column][\/vc_row][vc_row][vc_column][vc_video link=&#8221;https:\/\/youtu.be\/5rAQ7Qc3gmY&#8221;][vc_media_grid grid_id=&#8221;vc_gid:1611714653967-9b66d0a7-40c5-10&#8243; include=&#8221;5036,5037,5038,5039,5040,5041&#8243;][\/vc_column][\/vc_row][vc_row][vc_column][vc_video link=&#8221;https:\/\/youtu.be\/DkSuEaQmuEw&#8221;][vc_media_grid grid_id=&#8221;vc_gid:1611714653980-e9b6876c-e248-6&#8243; include=&#8221;5042,5043,5044,5045,5046,5047&#8243;][\/vc_column][\/vc_row][vc_row][vc_column][vc_video link=&#8221;https:\/\/youtu.be\/oR6dgXbHQ00&#8243;][vc_media_grid grid_id=&#8221;vc_gid:1611714653993-3871d2e2-2d3e-3&#8243; include=&#8221;5048,5049,5050,5051,5052&#8243;][\/vc_column][\/vc_row][vc_row][vc_column][vc_video link=&#8221;https:\/\/youtu.be\/WfizEiRagLY&#8221;][vc_media_grid grid_id=&#8221;vc_gid:1611714654000-0448db5f-29fc-10&#8243; include=&#8221;5053,5054,5055,5056,5057&#8243;][\/vc_column][\/vc_row][vc_row][vc_column][vc_video link=&#8221;https:\/\/youtu.be\/idE2wDC_020&#8243;][vc_media_grid grid_id=&#8221;vc_gid:1611714654005-38831747-3c31-1&#8243; include=&#8221;5058,5059,5060,5061,5062&#8243;][\/vc_column][\/vc_row][vc_row][vc_column][vc_video link=&#8221;https:\/\/youtu.be\/vhjpuZEdSN0&#8243;][vc_media_grid grid_id=&#8221;vc_gid:1611714654050-9b87bf5c-ba9b-2&#8243; include=&#8221;5063,5064,5065,5066,5067,5068&#8243;][\/vc_column][\/vc_row]<\/p>\n","protected":false},"author":1,"featured_media":0,"parent":0,"menu_order":0,"comment_status":"closed","ping_status":"closed","template":"","meta":[],"_links":{"self":[{"href":"https:\/\/bybanim-events.com\/index.php\/wp-json\/wp\/v2\/pages\/4805"}],"collection":[{"href":"https:\/\/bybanim-events.com\/index.php\/wp-json\/wp\/v2\/pages"}],"about":[{"href":"https:\/\/bybanim-events.com\/index.php\/wp-json\/wp\/v2\/types\/page"}],"author":[{"embeddable":true,"href":"https:\/\/bybanim-events.com\/index.php\/wp-json\/wp\/v2\/users\/1"}],"replies":[{"embeddable":true,"href":"https:\/\/bybanim-events.com\/index.php\/wp-json\/wp\/v2\/comments?post=4805"}],"version-history":[{"count":14,"href":"https:\/\/bybanim-events.com\/index.php\/wp-json\/wp\/v2\/pages\/4805\/revisions"}],"predecessor-version":[{"id":5280,"href":"https:\/\/bybanim-events.com\/index.php\/wp-json\/wp\/v2\/pages\/4805\/revisions\/5280"}],"wp:attachment":[{"href":"https:\/\/bybanim-events.com\/index.php\/wp-json\/wp\/v2\/media?parent=4805"}],"curies":[{"name":"wp","href":"https:\/\/api.w.org\/{rel}","templated":true}]}}